{"id":67,"date":"2020-10-25T10:43:39","date_gmt":"2020-10-25T09:43:39","guid":{"rendered":"http:\/\/moulinakwom.fr\/?page_id=67"},"modified":"2020-10-25T11:02:03","modified_gmt":"2020-10-25T10:02:03","slug":"la-peche","status":"publish","type":"page","link":"https:\/\/moulinakwom.fr\/?page_id=67","title":{"rendered":"La p\u00eache"},"content":{"rendered":"\n<h2 class=\"wp-block-heading\">La P\u00eache<\/h2>\n\n\n\n<p>R\u00e9put\u00e9 pour ses \u00ab coins de p\u00eache \u00bb naturels ou am\u00e9nag\u00e9s, le&nbsp;<strong>Thouet<\/strong>&nbsp;est class\u00e9 en 2\u00e8me cat\u00e9gorie. Les<strong>&nbsp;plans d\u2019eau<\/strong>&nbsp;du C\u00e9bron, des Effres \u00e0 SECONDIGNY, de la Verni\u00e8re au TALLUD, de la Gr\u00e8ve \u00e0 PARTHENAY sont aussi class\u00e9s en 2\u00e8me cat\u00e9gorie : des&nbsp;<strong>sandres<\/strong>, gardons,&nbsp;<strong>carpes<\/strong>&nbsp;perches&nbsp;<strong>brochets<\/strong>&nbsp;mais aussi silures peuvent y \u00eatre p\u00each\u00e9s.<\/p>\n\n\n\n<p>Pr\u00e9l\u00e8vement raisonn\u00e9, &#8220;<strong>no kill<\/strong>&#8221; souhait\u00e9.<\/p>\n\n\n\n<p>Le gite est am\u00e9nag\u00e9 par un passionn\u00e9 de P\u00eache: Il met \u00e0 votre disposition un local, des bonnes adresses (\u00e0 4-5km, tout ce qui vous manque), un frigo pour vos app\u00e2ts, et surtout une barque&nbsp;<\/p>\n\n\n\n<p>Soyez Toujours Prudent : Des gillets de sauvetages sont&nbsp;\u00e0 votre disposition dans le local de p\u00eache<\/p>\n\n\n\n<h2 class=\"wp-block-heading\">Quelques pr\u00e9cisions<\/h2>\n\n\n\n<p>Il est possible de p\u00eacher depuis le jardin, et depuis une \u00eele accesible par un petit pont situ\u00e9e&nbsp;\u00e0 cot\u00e9 du g\u00eete.<\/p>\n\n\n\n<p>Cher ami p\u00eacheur,<\/p>\n\n\n\n<p>Franck est heureux de vous accueillir au \u00ab&nbsp;MOULIN D&#8217;AKWOM&nbsp;\u00bb.<\/p>\n\n\n\n<p>Dans le but de vous faciliter au mieux l&#8217;exercice de votre passion qui est aussi la mienne, j&#8217;ai tenu \u00e0 vous donner ces quelques informations g\u00e9n\u00e9rales.&nbsp;<\/p>\n\n\n\n<ul class=\"wp-block-list\"><li>SITUATION DU MOULIN<\/li><\/ul>\n\n\n\n<p>Le moulin est situ\u00e9 sur le THOUET, rivi\u00e8re class\u00e9e en seconde cat\u00e9gorie dans ce secteur. La p\u00eache est g\u00e9r\u00e9e par l&#8217;AAPPMA \u00ab&nbsp;Le N\u00e9nuphar THOURSAIS&nbsp;\u00bb<\/p>\n\n\n\n<p>Ce moulin est un ancien moulin \u00e0 bl\u00e9 du 19\u00e8me si\u00e8cle construit initialement par le marquis Charles de DORIDES&nbsp;\u00bb<\/p>\n\n\n\n<ul class=\"wp-block-list\"><li>CATEGORIE DE LA RIVIERE<\/li><\/ul>\n\n\n\n<p>Le THOUET dans le secteur du moulin d&#8217;AKWOM est class\u00e9 en seconde cat\u00e9gorie.<\/p>\n\n\n\n<p>Il est cependant possible de trouver \u00e0 proximit\u00e9 du gite des parcours de premi\u00e8re cat\u00e9gorie.&nbsp;<\/p>\n\n\n\n<ul class=\"wp-block-list\"><li>EXERCICE&nbsp; DE L&#8217;ACTION DE PECHE<\/li><\/ul>\n\n\n\n<p>&nbsp;Le THOUET est class\u00e9 en Seconde cat\u00e9gorie domaine priv\u00e9. Il est donc n\u00e9cessaire de poss\u00e9der une carte de p\u00eache valable pour vous adonner \u00e0 votre passion.&nbsp; Il existe plusieurs possibilit\u00e9s pour pourvoir vous adonner \u00e0 votre passion.<\/p>\n\n\n\n<ol class=\"wp-block-list\"><li>Vous \u00eates d\u00e9tenteur d&#8217;une carte de p\u00eache prise dans votre d\u00e9partement d&#8217;origine, et vous avez acquis \u00e0 cette occasion le timbre EHGO. Vous pouvez alors p\u00eacher sans autre formalit\u00e9. Bien entendu en respectant la l\u00e9gislation de la p\u00eache en vigueur.<\/li><li>Vous n&#8217;\u00eates pas d\u00e9tenteur d&#8217;une carte de p\u00eache. Pour rendre votre s\u00e9jour le plus agr\u00e9able possible et pour ne pas vous retrouver dans une forme d&#8217;ill\u00e9galit\u00e9. Il vous faut acqu\u00e9rir hebdomadaire dont le prix est de 32&nbsp;\u20ac.&nbsp;<\/li><\/ol>\n\n\n\n<p>Les d\u00e9positaires de cartes de p\u00eaches les plus proches sont :<\/p>\n\n\n\n<p>&nbsp;<strong>M. MENARD &#8211; L&#8217;AIGLE PECHEUR<\/strong><br>Centre commercial LECLERC<\/p>\n\n\n\n<p>79100 THOUARS<br><br>&nbsp;<\/p>\n\n\n\n<p>Il\u00a0est aussi possible de se procurer la carte par internet sur le site\u00a0 : https:\/\/www.cartedepeche.fr\/<\/p>\n\n\n\n<p><a href=\"http:\/\/www.peche-en-deux-sevres.com\/\" target=\"_blank\" rel=\"noreferrer noopener\">Tout&nbsp; sur la p\u00eache en Deux S\u00e8vres<\/a><\/p>\n\n\n\n<h2 class=\"wp-block-heading\">Vue de la rivi\u00e8re et de quelques postes<\/h2>\n\n\n\n<h2 class=\"wp-block-heading\">L&#8217;\u00eele<\/h2>\n\n\n\n<h2 class=\"wp-block-heading\">Le local p\u00eache<\/h2>\n\n\n\n<p>Un Local p\u00eache ind\u00e9pendant, fermant \u00e0 cl\u00e9, disposant d&#8217;un \u00e9vier, d&#8217;un r\u00e9frig\u00e9rateur est \u00e0 votre disposition, pour le stockage en toute s\u00e9curit\u00e9 de votre mat\u00e9riel de p\u00eache.<\/p>\n","protected":false},"excerpt":{"rendered":"<p>La P\u00eache R\u00e9put\u00e9 pour ses \u00ab coins de p\u00eache \u00bb naturels ou am\u00e9nag\u00e9s, le&nbsp;Thouet&nbsp;est class\u00e9 en 2\u00e8me cat\u00e9gorie. Les&nbsp;plans d\u2019eau&nbsp;du C\u00e9bron, des Effres \u00e0 SECONDIGNY, de la Verni\u00e8re au TALLUD, de la Gr\u00e8ve \u00e0 PARTHENAY sont aussi class\u00e9s en 2\u00e8me cat\u00e9gorie : des&nbsp;sandres, gardons,&nbsp;carpes&nbsp;perches&nbsp;brochets&nbsp;mais aussi silures peuvent y \u00eatre p\u00each\u00e9s. Pr\u00e9l\u00e8vement raisonn\u00e9, &#8220;no kill&#8221; souhait\u00e9. [&hellip;]<\/p>\n","protected":false},"author":1,"featured_media":0,"parent":0,"menu_order":3,"comment_status":"closed","ping_status":"closed","template":"","meta":{"footnotes":""},"class_list":["post-67","page","type-page","status-publish","hentry"],"_links":{"self":[{"href":"https:\/\/moulinakwom.fr\/index.php?rest_route=\/wp\/v2\/pages\/67","targetHints":{"allow":["GET"]}}],"collection":[{"href":"https:\/\/moulinakwom.fr\/index.php?rest_route=\/wp\/v2\/pages"}],"about":[{"href":"https:\/\/moulinakwom.fr\/index.php?rest_route=\/wp\/v2\/types\/page"}],"author":[{"embeddable":true,"href":"https:\/\/moulinakwom.fr\/index.php?rest_route=\/wp\/v2\/users\/1"}],"replies":[{"embeddable":true,"href":"https:\/\/moulinakwom.fr\/index.php?rest_route=%2Fwp%2Fv2%2Fcomments&post=67"}],"version-history":[{"count":1,"href":"https:\/\/moulinakwom.fr\/index.php?rest_route=\/wp\/v2\/pages\/67\/revisions"}],"predecessor-version":[{"id":68,"href":"https:\/\/moulinakwom.fr\/index.php?rest_route=\/wp\/v2\/pages\/67\/revisions\/68"}],"wp:attachment":[{"href":"https:\/\/moulinakwom.fr\/index.php?rest_route=%2Fwp%2Fv2%2Fmedia&parent=67"}],"curies":[{"name":"wp","href":"https:\/\/api.w.org\/{rel}","templated":true}]}}